{"id":264,"date":"2017-09-25T17:39:53","date_gmt":"2017-09-25T15:39:53","guid":{"rendered":"http:\/\/vitalitygroup.es\/?page_id=264"},"modified":"2017-12-03T21:00:38","modified_gmt":"2017-12-03T19:00:38","slug":"costa-del-sol","status":"publish","type":"page","link":"http:\/\/vitalitygroup.es\/de\/costa-del-sol\/","title":{"rendered":"Costa Del Sol"},"content":{"rendered":"<p>[vc_row][vc_column][vc_single_image image=&#8220;1073&#8243; img_size=&#8220;2250 \u00d7 1491&#8243; alignment=&#8220;right&#8220;][vc_column_text]<span style=\"font-family: 'arial black', sans-serif; font-size: 12pt;\">Die Mediteranische Meteorologie und ihr psychischer und physischer Einfluss:<\/span><\/p>\n<p><span style=\"font-family: arial, helvetica, sans-serif; font-size: 12pt;\">Das Wetter alleine macht die Menschen nicht krank, aber seit der Antike ist bekannt, dass die Symptomatik der Menschen beeinflusst werden kann. Wetterreize f\u00fcgen zus\u00e4tzliche Belastung f\u00fcr den K\u00f6rper hinzu, was m\u00f6glicherweise zu einem vor\u00fcbergehenden Potential f\u00fchrt und eine H\u00e4ufigkeit von Symptomen ausl\u00f6st.<\/span><\/p>\n<p><span style=\"font-family: arial, helvetica, sans-serif; font-size: 12pt;\">Vor allem nach Unf\u00e4llen mit Verletzungen oder Operationen, bei akuten oder chronischen Erkrankungen.<\/span><\/p>\n<p><span style=\"font-family: arial, helvetica, sans-serif; font-size: 12pt;\">Es ist aber auch bekannt, dass verschiedene Situationen zu bemerkenswerten Erleichterungen f\u00fcr Patienten f\u00fchren.<\/span><\/p>\n<p><span style=\"font-family: arial, helvetica, sans-serif; font-size: 12pt;\">Es ist seit langem bewiesen, dass Andalusiens hervorragendes Mikroklima eine der besten klimatischen Bedingungen in Europa darstellt und somit ein perfekter Ort ist, um allgemeine Gesundheit, Psychologie und Anti-Schmerz-Therapien und Erholung selbst zu unterst\u00fctzen.<\/span>[\/vc_column_text][\/vc_column][\/vc_row][vc_row][vc_column][vc_video link=&#8220;https:\/\/youtu.be\/JIn-UUEvnT8&#8243;][\/vc_column][\/vc_row]<\/p>\n<div class=\"pdfprnt-buttons pdfprnt-buttons-page pdfprnt-bottom-right\"><a href=\"http:\/\/vitalitygroup.es\/de\/wp-json\/wp\/v2\/pages\/264?print=pdf\" class=\"pdfprnt-button pdfprnt-button-pdf\" target=\"_blank\"><img src=\"http:\/\/vitalitygroup.es\/wp-content\/plugins\/pdf-print\/images\/pdf.png\" alt=\"image_pdf\" title=\"View PDF\" \/><\/a><a href=\"http:\/\/vitalitygroup.es\/de\/wp-json\/wp\/v2\/pages\/264?print=print\" class=\"pdfprnt-button pdfprnt-button-print\" target=\"_blank\"><img src=\"http:\/\/vitalitygroup.es\/wp-content\/plugins\/pdf-print\/images\/print.png\" alt=\"image_print\" title=\"Print Content\" \/><\/a><\/div>","protected":false},"excerpt":{"rendered":"<p>[vc_row][vc_column][vc_single_image image=&#8220;1073&#8243; img_size=&#8220;2250 \u00d7 1491&#8243; alignment=&#8220;right&#8220;][vc_column_text]Die Mediteranische Meteorologie und ihr psychischer und physischer Einfluss: Das Wetter alleine macht die Menschen nicht krank, aber seit der Antike ist bekannt, dass die Symptomatik der Menschen beeinflusst werden kann. Wetterreize f\u00fcgen zus\u00e4tzliche Belastung f\u00fcr den K\u00f6rper hinzu, was m\u00f6glicherweise zu einem vor\u00fcbergehenden Potential f\u00fchrt und eine H\u00e4ufigkeit von<\/p>\n<div><a class=\"btn-filled btn\" href=\"http:\/\/vitalitygroup.es\/de\/costa-del-sol\/\" title=\"Costa Del Sol\">Weiterlesen<\/a><\/div>\n","protected":false},"author":1,"featured_media":0,"parent":0,"menu_order":0,"comment_status":"closed","ping_status":"closed","template":"","meta":[],"_links":{"self":[{"href":"http:\/\/vitalitygroup.es\/de\/wp-json\/wp\/v2\/pages\/264"}],"collection":[{"href":"http:\/\/vitalitygroup.es\/de\/wp-json\/wp\/v2\/pages"}],"about":[{"href":"http:\/\/vitalitygroup.es\/de\/wp-json\/wp\/v2\/types\/page"}],"author":[{"embeddable":true,"href":"http:\/\/vitalitygroup.es\/de\/wp-json\/wp\/v2\/users\/1"}],"replies":[{"embeddable":true,"href":"http:\/\/vitalitygroup.es\/de\/wp-json\/wp\/v2\/comments?post=264"}],"version-history":[{"count":14,"href":"http:\/\/vitalitygroup.es\/de\/wp-json\/wp\/v2\/pages\/264\/revisions"}],"predecessor-version":[{"id":2481,"href":"http:\/\/vitalitygroup.es\/de\/wp-json\/wp\/v2\/pages\/264\/revisions\/2481"}],"wp:attachment":[{"href":"http:\/\/vitalitygroup.es\/de\/wp-json\/wp\/v2\/media?parent=264"}],"curies":[{"name":"wp","href":"https:\/\/api.w.org\/{rel}","templated":true}]}}

<p>[vc_row][vc_column][vc_single_image image=&#8220;1073&#8243; img_size=&#8220;2250 × 1491&#8243; alignment=&#8220;right&#8220;][vc_column_text]<span style="font-family: 'arial black', sans-serif; font-size: 12pt;">Die Mediteranische Meteorologie und ihr psychischer und physischer Einfluss:</span></p>
<p><span style="font-family: arial, helvetica, sans-serif; font-size: 12pt;">Das Wetter alleine macht die Menschen nicht krank, aber seit der Antike ist bekannt, dass die Symptomatik der Menschen beeinflusst werden kann. Wetterreize fügen zusätzliche Belastung für den Körper hinzu, was möglicherweise zu einem vorübergehenden Potential führt und eine Häufigkeit von Symptomen auslöst.</span></p>
<p><span style="font-family: arial, helvetica, sans-serif; font-size: 12pt;">Vor allem nach Unfällen mit Verletzungen oder Operationen, bei akuten oder chronischen Erkrankungen.</span></p>
<p><span style="font-family: arial, helvetica, sans-serif; font-size: 12pt;">Es ist aber auch bekannt, dass verschiedene Situationen zu bemerkenswerten Erleichterungen für Patienten führen.</span></p>
<p><span style="font-family: arial, helvetica, sans-serif; font-size: 12pt;">Es ist seit langem bewiesen, dass Andalusiens hervorragendes Mikroklima eine der besten klimatischen Bedingungen in Europa darstellt und somit ein perfekter Ort ist, um allgemeine Gesundheit, Psychologie und Anti-Schmerz-Therapien und Erholung selbst zu unterstützen.</span>[/vc_column_text][/vc_column][/vc_row][vc_row][vc_column][vc_video link=&#8220;https://youtu.be/JIn-UUEvnT8&#8243;][/vc_column][/vc_row]</p>
<div class="pdfprnt-buttons pdfprnt-buttons-page pdfprnt-bottom-right"><a href="http://vitalitygroup.es/de/wp-json/wp/v2/pages/264?print=pdf" class="pdfprnt-button pdfprnt-button-pdf" target="_blank"><img src="http://vitalitygroup.es/wp-content/plugins/pdf-print/images/pdf.png" alt="image_pdf" title="View PDF" /></a><a href="http://vitalitygroup.es/de/wp-json/wp/v2/pages/264?print=print" class="pdfprnt-button pdfprnt-button-print" target="_blank"><img src="http://vitalitygroup.es/wp-content/plugins/pdf-print/images/print.png" alt="image_print" title="Print Content" /></a></div>

<p>[vc_row][vc_column][vc_single_image image=&#8220;1073&#8243; img_size=&#8220;2250 × 1491&#8243; alignment=&#8220;right&#8220;][vc_column_text]Die Mediteranische Meteorologie und ihr psychischer und physischer Einfluss: Das Wetter alleine macht die Menschen nicht krank, aber seit der Antike ist bekannt, dass die Symptomatik der Menschen beeinflusst werden kann. Wetterreize fügen zusätzliche Belastung für den Körper hinzu, was möglicherweise zu einem vorübergehenden Potential führt und eine Häufigkeit von</p>
<div><a class="btn-filled btn" href="http://vitalitygroup.es/de/costa-del-sol/" title="Costa Del Sol">Weiterlesen</a></div>
